.
-3151
Convert 3354 (base 9) to base 7.
10141
-1f2 (base 16) to base 7
-1311
Convert -10203 (base 6) to base 11.
-1037
15cb4 (base 16) to base 12
437b0
What is -12323 (base 4) in base 11?
-373
-320 (base 8) to base 11
-17a
What is a4c9 (base 13) in base 3?
1011021212
What is -2014323 (base 5) in base 15?
-9943
What is -122120212 (base 3) in base 4?
-3020111
11101011100100 (base 2) to base 16
3ae4
What is -1112 (base 6) in base 12?
-198
What is -41162 (base 7) in base 5?
-310130
-13033 (base 4) to base 9
-564
What is 306 (base 16) in base 6?
3330
-1ff (base 16) to base 15
-241
1151 (base 7) to base 5
3203
What is -3121210 (base 4) in base 6?
-144244
What is -21 (base 3) in base 14?
-7
2007 (base 11) to base 12
1665
Convert -1011101 (base 2) to base 13.
-72
Convert 775c (base 13) to base 8.
40377
3986 (base 11) to base 14
1c5a
What is ba3 (base 14) in base 10?
2299
Convert -1032 (base 5) to base 11.
-11a
5752 (base 14) to base 6
154112
What is -1010020002 (base 3) in base 13?
-a04c
Convert -421 (base 5) to base 3.
-11010
Convert -42b7 (base 14) to base 2.
-10110100001001
What is -1065 (base 8) in base 7?
-1435
Convert 9287 (base 11) to base 3.
121220011
Convert 12109 (base 15) to base 10.
57609
1110101100 (base 2) to base 15
42a
-20a (base 14) to base 2
-110010010
-28d7 (base 15) to base 4
-2020300
Convert -20203 (base 7) to base 11.
-3758
What is 2011220211 (base 3) in base 8?
123710
What is -28f (base 16) in base 2?
-1010001111
What is -27675 (base 8) in base 11?
-9200
16447 (base 12) to base 15
960a
-3631 (base 11) to base 15
-161d
-110111000 (base 2) to base 7
-1166
2942 (base 14) to base 3
101000202
869a (base 14) to base 2
101101011100000
-145157 (base 8) to base 16
-ca6f
Convert 44540 (base 7) to base 8.
25761
What is -2301 (base 7) in base 2?
-1101000010
What is 21431 (base 5) in base 2?
10111010011
2563 (base 7) to base 12
694
Convert 375a (base 11) to base 8.
11451
What is 27a3 (base 11) in base 4?
320212
31656 (base 9) to base 5
1132244
What is -2475 (base 15) in base 13?
-36bc
Convert 32212 (base 4) to base 7.
2503
Convert -2302232 (base 4) to base 13.
-528b
2990 (base 14) to base 4
1303102
What is -111001010011 (base 2) in base 9?
-5024
What is 11a (base 13) in base 9?
233
What is 168c (base 16) in base 8?
13214
Convert 111101011001000 (base 2) to base 15.
94a7
34342 (base 8) to base 9
21870
-212222 (base 3) to base 13
-3aa
-206302 (base 7) to base 4
-20233231
What is -4d (base 16) in base 10?
-77
-5065 (base 7) to base 6
-12054
What is -3a9 (base 11) in base 5?
-3412
What is -1176 (base 8) in base 4?
-21332
17020 (base 9) to base 15
36dc
1012000 (base 3) to base 4
31200
What is -3031320 (base 4) in base 13?
-5cc7
Convert 103213 (base 4) to base 8.
2347
Convert 145f (base 16) to base 5.
131330
-4444 (base 7) to base 8
-3100
What is -111010101000 (base 2) in base 10?
-3752
Convert -315 (base 16) to base 10.
-789
-6cc (base 16) to base 14
-8c4
-18c3 (base 15) to base 7
-21423
Convert 100221 (base 3) to base 8.
414
-5531 (base 6) to base 16
-4ff
Convert cb5 (base 13) to base 8.
4200
335 (base 7) to base 13
104
1974 (base 10) to base 6
13050
1342313 (base 5) to base 12
14135
-12242 (base 6) to base 2
-11100100010
Convert 23271 (base 13) to base 12.
31153
What is 1121121 (base 3) in base 13?
6c7
Convert 3230 (base 6) to base 5.
10423
Convert 860b (base 14) to base 4.
11221203
Convert 857 (base 13) to base 4.
112100
What is 15505 (base 9) in base 11?
7a81
What is -1010100111 (base 2) in base 4?
-22213
Convert -3685 (base 14) to base 9.
-14053
What is 4320 (base 6) in base 3?
1100110
Convert -1026 (base 13) to base 2.
-100010110101
Convert 1c64 (base 15) to base 9.
8414
What is 5626 (base 9) in base 12?
24a3
What is -1462 (base 7) in base 12?
-407
Convert -1092 (base 13) to base 15.
-a46
1001000101010 (base 2) to base 3
20101020
What is -23a3 (base 11) in base 7?
-12102
What is e1aa (base 15) in base 13?
188b3
-16904 (base 14) to base 15
-11bb8
What is 10af (base 16) in base 14?
17b1
eb5 (base 16) to base 2
111010110101
What is -1001 (base 15) in base 4?
-310300
-1ff (base 16) to base 5
-4021
Convert -45004 (base 8) to base 14.
-6c96
What is 106b (base 14) in base 15?
c94
What is -300132 (base 7) in base 10?
-50493
-382 (base 15) to base 9
-1075
Convert -2ab2 (base 14) to base 10.
-7604
17897 (base 12) to base 10
34099
955 (base 13) to base 14
819
What is 22113033 (base 4) in base 3?
2011020010
-31121 (base 5) to base 15
-90b
What is 123025 (base 8) in base 9?
64281
123031 (base 5) to base 16
129e
Convert -481 (base 9) to base 12.
-291
-112001101 (base 3) to base 2
-10100000000011
What is -1023 (base 4) in base 6?
-203
-31b (base 16) to base 8
-1433
-108 (base 15) to base 5
-1413
-17f (base 16) to base 2
-101111111
110 (base 7) to base 13
44
What is -20b5 (base 15) in base 9?
-10438
Convert a57 (base 11) to base 8.
2370
Convert 725 (base 13) to base 11.
a04
What is 11101010100 (base 2) in base 11?
1456
Convert -66 (base 12) to base 9.
-86
What is 25444 (base 6) in base 10?
3844
46a (base 15) to base 13
5bc
Convert -3385 (base 13) to base 4.
-1300213
What is -101011010101000 (base 2) in base 9?
-33378
Convert -2201202 (base 3) to base 16.
-7c7
What is -701 (base 8) in base 7?
-1211
Convert 12047 (base 15) to base 7.
326320
48aa (base 11) to base 12
3864
What is -a48 (base 13) in base 3?
-2101211
11122201 (base 3) to base 9
4581
What is -163236 (base 7) in base 12?
-16893
7546 (base 15) to base 13
b3ac
What is -424260 (base 7) in base 14?
-1cb30
What is -1cb6 (base 14) in base 4?
-1102020
What is -1000022 (base 3) in base 6?
-3225
231331 (base 4) to base 14
1101
10202122121 (base 3) to base 5
4332404
-383 (base 13) to base 3
-211202
-92 (base 13) to base 7
-230
What is 326 (base 12) in base 3?
122010
137a (base 11) to base 7
5123
286 (base 14) to base 8
776
-2389 (base 14) to base 8
-14065
-10202111010 (base 3) to base 15
-16dc3
-242141 (base 5) to base 3
-110102001
What is -46bb (base 13) in base 2?
-10011011100100
1a87 (base 14) to base 15
1668
Convert 2584 (base 14) to base 4.
1212320
Convert -6896 (base 12) to base 10.
-11634
12140 (base 5) to base 16
398
What is 10331302 (base 4) in base 10?
20338
Convert -5c (base 16) to base 7.
-161
Convert -14ca (base 14) to base 11.
-286a
Convert -3254 (base 6) to base 14.
-3bc
111110101 (base 2) to base 9
616
What is -35a7 (base 13) in base 4?
-1312111
Convert -2441 (base 6) to base 5.
-4401
-1142430 (base 5) to base 2
-101010001101111
What is 10011221 (base 3) in base 10?
2320
Convert 10300222 (base 4) to base 13.
8b4b
Convert 895 (base 14) to base 4.
122203
Convert -1837 (base 13) to base 3.
-11221011
-31a0 (base 13) to base 3
-100110012
Convert -56ea (base 15) to base 8.
-44015
49b (base 15) to base 5
13141
Convert 1124131 (base 5) to base 10.
20541
Convert 391 (base 12) to base 7.
1402
What is 12114 (base 5) in base 8?
1615
What is -2032000 (base 4) in base 7?
-35332
319 (base 10) to base 16
13f
What is -52f (base 16) in base 8?
-2457
Convert -11624 (base 7) to base 14.
-1184
What is 2b6 (base 13) in base 15?
227
-3352 (base 6) to base 2
-1100010100
What is 30401 (base 5) in base 10?
1976
What is -22332 (base 9) in base 5?
-433402
-3523 (base 7) to base 6
-5551
Convert 395b (base 13) to base 10.
8188
-20616 (base 7) to base 15
-17a9
What is -10111101000000 (base 2) in base 6?
-132000
b3 (base 15) to base 16
a8
321213 (base 5) to base 6
122012
-230332 (base 4) to base 16
-b3e
-33012122 (base 4) to base 11
-42518
94 (base 13) to base 5
441
-12d3b (base 14) to base 16
-b5a9
455325 (base 6) to base 11
27163
116676 (base 8) to base 14
10a06
Convert 311102 (base 4) to base 3.
11200022
What is -2325 (base 12) in base 9?
-5332
-3023 (base 5) to base 2
-110000100
1014 (base 7) to base 16
162
Convert -5f6 (base 16) to base 14.
-7b0
What is b03 (base 14) in base 12?
12bb
-417 (base 10) to base 9
-513
-1268 (base 13) to base 16
-a3d
What is -1b1d (base 14) in base 15?
-16d7
What is 127 (base 11) in base 9?
176
3990 (base 16) to base 12
8640
Convert 2221 (base 8) to base 6.
5225
40335 (base 8) to base 9
24700
Convert 15326 (base 9) to base 11.
7961
What is -3 (base 15) in base 11?
-3
What is 3004 (base 13) in base 9?
10037
Convert 102340 (base 8) to base 14.
c57a
Convert -11021 (base 5) to base 16.
-2